h**3 + 62*h**2 + 58*h - 143. Let w be k(-61). What is the highest common factor of w and 18?
2
Let j = -40 + 38. Let m be 8/j*(-44)/16. Suppose -5 = -t - v + m, 60 = 3*t - 3*v. What is the greatest common factor of 54 and t?
18
Suppose 5*t - 5*n = 240, 9*t - 6*t + 3*n = 120. What is the greatest common divisor of 77 and t?
11
Let g(d) = -d**3 - 10*d**2 - 8*d + 9. Let o be g(-9). Suppose -30 = -5*x + f, 2*f = -3*x + 18 - o. Calculate the highest common factor of 12 and x.
6
Suppose 4*d + 3*x = -256, d - 192 = 4*d - x. Let z = d + 82. Calculate the highest common factor of z and 45.
9
Suppose -k - 2*k = -j + 51, j - 2*k - 48 = 0. Suppose 3*d + 2 = -z + 1, 2*z = 5*d + j. What is the greatest common factor of z and 11?
11
Suppose 6*m - 8*m + 72 = 0. Calculate the highest common divisor of 288 and m.
36
Let n be 3/(-2)*(-14)/3. Let v = -9 + 16. Suppose 0 = -v*w + 627 - 235. Calculate the highest common factor of w and n.
7
Suppose 2*y = 2*j - 7*j + 25, 3*y - j = 12. Suppose 0 = -6*c - y*c + 660. Calculate the highest common factor of 80 and c.
20
Suppose 7*u - 94 - 46 = 0. Let y be (u/(-16))/((-4)/96). Calculate the highest common factor of y and 6.
6
Suppose -m + 18 = -4*m. Let d(p) = 6*p + 47. Let f be d(m). Suppose -2*l + 166 = -10. What is the highest common factor of l and f?
11
Suppose -3*y = m - 8, -3*m + 22 = 2*m - 3*y. Let z be ((-10)/6)/(-18 - 856/(-48)). Calculate the highest common factor of z and m.
5
Suppose 0 = -w - 3, -p = 3*p - 2*w - 30. Calculate the highest common factor of 78 and p.
6
Suppose 0 = 5*s + 4*i - 23, 0 = 2*s - s - i - 10. Calculate the greatest common divisor of s and 287.
7
Let z(t) = -t**2 - 10*t - 2. Suppose r = 2*x - 4, x - 5 = r - 0*r. Let s be z(r). What is the greatest common factor of 33 and s?
11
Suppose 134 = 7*z - 377. Suppose z*v - 76*v = -132. What is the greatest common divisor of v and 22?
22
Let x be -5 - ((-2)/1 - (7 - -18)). Calculate the greatest common divisor of 2354 and x.
22
Let k be 15 + 18 + -11 - 3. Suppose z = 147 + 348. Suppose w - z = -4*w - 5*b, 83 = w - 3*b. Calculate the highest common factor of k and w.
19
Let d(m) = 230*m - 10. Let p be d(3). Suppose -12*l = -17*l + p. What is the highest common factor of 8 and l?
8
Let r = 676 - 277. What is the greatest common divisor of r and 57?
57
Suppose -1035 = 5*g - 6*q + 3*q, 2*g + 4*q = -414. Let u = -97 - g. What is the greatest common factor of 44 and u?
22
Let s be (-524)/(-10) + 2/(-5). Let p(x) = -137*x - 5 + 47*x + 55*x + 2*x**2. Let h be p(18). What is the highest common divisor of s and h?
13
Let z be -1*(340/(-9) + 8/(-36)). Suppose -o + 191 = -113. Calculate the greatest common divisor of o and z.
38
Suppose -q - q - 5*p = -20, 16 = 2*q + 3*p. Suppose q*f = 263 + 262. What is the greatest common divisor of f and 42?
21
Let t(b) be the first derivative of 3*b**2/2 + 5*b - 5. Let r be t(5). Let n be (24/r)/((-3)/(-10)). What is the highest common factor of n and 6?
2
Let m = -459 + 477. What is the highest common divisor of m and 162?
18
Let b be -1*(-2868)/12 + (-4)/(-1). What is the highest common divisor of 27 and b?
27
Suppose j + 1 = -3. Suppose 136 = 5*g + q, g + q = -0*q + 24. Let b = g + j. What is the greatest common factor of b and 12?
12
Let f be -95*((-1 - 4) + (6 - 2)). Calculate the greatest common factor of 5 and f.
5
Let d(g) = -g**3 + 12*g**2 + 12*g + 15. Let o be d(13). Suppose -o*k + 18 = -0*k. Let x = -7 + 16. Calculate the highest common factor of x and k.
9
Let o = 370 - 238. Calculate the greatest common divisor of o and 12.
12
Let p be 66 - 0/(-4) - -4. Let h = p - 69. What is the greatest common factor of h and 3?
1
Let i be ((-5)/(-2))/((-15)/(-270)). Calculate the greatest common factor of 30 and i.
15
Let n(x) = 4*x**2 - 111*x - 3. Let p be n(28). Suppose 0 = i - u - 221, 5*u - 2*u = -5*i + 1137. What is the greatest common divisor of p and i?
25
Let s be (-60)/8*2/(-3). Suppose s*y = 2*y + 69. Suppose 140 = 3*h - 2*t, -h - 5*t = -2 - 39. Calculate the highest common divisor of y and h.
23
Let z = 2 + 768. What is the greatest common divisor of z and 77?
77
Let m = 777 - 636. What is the highest common divisor of m and 3?
3
Let t = -22 - -18. Let z be ((-33)/t)/(12/128). Suppose -5*x = z - 348. What is the greatest common factor of x and 26?
26
Let f = 86 + -82. Let u = 73 + f. What is the highest common factor of 44 and u?
11
Let b(g) = 6*g**2 + 27*g + 49. Let k be b(-7). What is the greatest common factor of k and 14?
14
Let n(h) = 8*h**2 - 19*h - 19. Let f be n(7). Let u = -31 - -61. What is the highest common factor of u and f?
30
Suppose -q - g + 3*g = -10, -3*g = 2*q + 1. Let i be 8*2/(-8)*-10. What is the greatest common divisor of i and q?
4
Let y(g) = -g**3 + 6*g**2 + 20*g - 46. Let j be y(7). What is the highest common factor of j and 150?
15
Suppose 0 = 734*q - 725*q - 81. What is the greatest common divisor of 81 and q?
9
Let c = -26 - -35. Suppose -c - 63 = -3*n. What is the highest common factor of 216 and n?
24
Let u(v) = 7*v - 10. Let l be u(2). Calculate the highest common factor of 28 and l.
4
Let a(j) be the second derivative of -j**3/6 - 7*j**2/2 + 3*j. Let d be a(-11). Suppose -z - 42 = -d*z. Calculate the greatest common divisor of z and 112.
14
Suppose 503 = 41*d + 11. Calculate the highest common factor of 18 and d.
6
Let z = -14 + 21. Suppose g + b - z = -4*b, 0 = -3*g - b + 63. Let m(j) = -18*j - 34. Let a be m(-2). Calculate the greatest common factor of g and a.
2
Let q = 2100 + -1659. What is the highest common factor of 189 and q?
63
Let b(h) = -13*h**2 + 248*h + 7. Let u be b(19). Calculate the highest common factor of 1664 and u.
26
Suppose -p + 8 = -26. Let l(h) = 6*h**2 - 3*h + 1. Let t be l(5). Calculate the highest common factor of p and t.
34
Suppose -3 + 17 = -u. Let v = 78 + u. Suppose -3*x - b + 95 = 0, -2*x = x + 3*b - 93. What is the greatest common factor of v and x?
32
Let b be 5/(2 + 42/(-22)). Let u = 2 + 3. Calculate the greatest common factor of u and b.
5
Let w = 545 + -445. What is the greatest common factor of 40 and w?
20
Let t(y) = -49*y - 731. Let r be t(-15). What is the highest common divisor of r and 98?
2
Let h(s) = -2*s - 6. Let p be h(-4). Suppose 4*f + 612 = p*w - f, 2*w - f - 612 = 0. Calculate the greatest common factor of w and 34.
34
Let q(n) = -2*n**3 - n**2 + n + 90. Let i be q(0). What is the highest common divisor of i and 486?
18
Suppose -5*s + 7*s + 183 = i, -4*i + s + 711 = 0. What is the greatest common factor of i and 9?
3
Suppose -w - 48 = -5*w. Let m = 6 + w. Suppose -4*o + m = -3*o. Calculate the highest common factor of o and 90.
18
Suppose -2*f - 4*f - 270 = 0. Let c be ((-120)/f)/((-2)/(-24)). Calculate the greatest common divisor of c and 224.
32
Let a = 333 - 237. What is the highest common factor of 6 and a?
6
Let d(o) = o**2 + 7*o. Let p be d(-8). Let z(t) = -10*t - 4. Let h be z(-2). What is the highest common factor of h and p?
8
Suppose -5*c - 261 = 2*t - 776, -508 = -2*t + 2*c. What is the highest common factor of 45 and t?
15
Let d(u) = -7*u - u**2 + 2*u**2 - 5 + 7*u - 14*u. Let n be d(15). Calculate the highest common divisor of 110 and n.
10
Let b = -753 - -789. Calculate the greatest common divisor of b and 684.
36
Let c be ((-4064)/(-12) - -1) + 10/30. Calculate the greatest common factor of 425 and c.
85
Let x = -2 + 2. Suppose j - w + 1 - 19 = x, 5*j + w - 66 = 0. Let r be 32/(-48) - (-214)/6. Calculate the highest common factor of j and r.
7
Let h = -74 + 77. Let r be ((-33 - h) + -4)*-1. What is the highest common divisor of r and 5?
5
Suppose 0 = -p + 4*d + 16, p + 9 - 10 = -d. Calculate the greatest common factor of 1 and p.
1
Let n(g) = -g**3 + 14*g**2 - 9*g - 32. Let r be n(13). Let u(t) = -t**2 - 15*t - 18. Let p be u(-13). Calculate the greatest common divisor of p and r.
4
Let m = 31 + -26. Suppose k = -v - 0*k + 224, m*v = -2*k + 1123. Calculate the highest common factor of 25 and v.
25
Suppose -2*a + 64 = -76. Let x = a - 50. Suppose -24*z + 1600 = 8*z. What is the highest common divisor of z and x?
10
Let b(j) = 6*j**3 - 18*j**2 + 31*j - 14. Let s be b(6). What is the highest common divisor of 20 and s?
20
Suppose 4*w - 324 = -0*w. Let o be ((-2)/(-3))/((70/(-609))/(-5)). Suppose -t + o = -25. C